{"id":3,"date":"2024-01-09T20:56:38","date_gmt":"2024-01-09T19:56:38","guid":{"rendered":"http:\/\/cedhei.com\/?page_id=3"},"modified":"2025-08-06T06:49:08","modified_gmt":"2025-08-06T04:49:08","slug":"politica-privacidad","status":"publish","type":"page","link":"https:\/\/cedhei.com\/index.php\/politica-privacidad\/","title":{"rendered":"Pol\u00edtica de privacidad"},"content":{"rendered":"\t\t<div data-elementor-type=\"wp-page\" data-elementor-id=\"3\" class=\"elementor elementor-3\" data-elementor-post-type=\"page\">\n\t\t\t\t<div class=\"elementor-element elementor-element-4b54bee0 e-flex e-con-boxed e-con e-parent\" data-id=\"4b54bee0\" data-element_type=\"container\" data-e-type=\"container\">\n\t\t\t\t\t<div class=\"e-con-inner\">\n\t\t\t\t<div class=\"elementor-element elementor-element-4d4ab6bc elementor-widget elementor-widget-text-editor\" data-id=\"4d4ab6bc\" data-element_type=\"widget\" data-e-type=\"widget\" data-widget_type=\"text-editor.default\">\n\t\t\t\t<div class=\"elementor-widget-container\">\n\t\t\t\t\t\t\t\t\t\n<p><strong>IDENTIDAD Y DOMICILIO DEL RESPONSABLE<\/strong><\/p>\n\n\n\n<p>El Responsable de los datos personales que usted proporciona es Fundaci\u00f3n Nueva Castilla AC, Centro de Estudios Integrales (en adelante CEDHEI), ubicado en Av. Las Torres # 99 Parque Industrial Escobedo, Escobedo, N.L.<\/p>\n\n\n\n<p><strong>DATOS PERSONALES Y DATOS SENSIBLES TRATADOS POR CEDHEI<\/strong><\/p>\n\n\n\n<p>CEDHEI tratar\u00e1 datos personales de contacto, datos personales de identificaci\u00f3n, datos personales acad\u00e9micos y en algunos casos datos personales laborales para cumplir con las finalidades se\u00f1aladas en el presente aviso de privacidad. Por otro lado, le informamos que CEDHEI podr\u00e1 recabar y tratar datos personales de identificaci\u00f3n, datos personales de contacto y datos personales laborales de sus familiares y\/o terceros con los que usted tenga una relaci\u00f3n, ya sea que ejerzan su patria potestad o que le brinden apoyo econ\u00f3mico con el prop\u00f3sito de cumplir con las finalidades primarias y necesarias de la relaci\u00f3n jur\u00eddica establecida con usted. De este modo, al proporcionar los datos personales necesarios relacionados con sus familiares y\/o terceros usted reconoce tener el consentimiento de \u00e9stos para que CEDHEI trate sus datos personales para cumplir con las finalidades primarias y necesarias se\u00f1aladas en el presente Aviso. Asimismo, le informamos que para cumplir con las finalidades descritas en este aviso de privacidad no se tratar\u00e1n datos personales sensibles, que requieren de especial protecci\u00f3n. Le informamos que el tratamiento de dichos datos es necesario para cumplir las obligaciones derivadas de la relaci\u00f3n jur\u00eddica entre usted y CEDHEI, raz\u00f3n por la cual su consentimiento se encuentra exceptuado.<\/p>\n\n\n\n<p><strong>DATOS PERSONALES RECABADOS DE MENORES DE EDAD Y PERSONAS CON DISCAPACIDAD<\/strong><\/p>\n\n\n\n<p><strong>Le informamos que los datos personales que recabemos de menores de edad y personas con discapacidad cognitiva ser\u00e1n recabados exclusivamente con el consentimiento del padre, tutor y\/o persona con la patria potestad para dar cumplimiento a las finalidades previstas en el presente Aviso de Privacidad. En virtud de lo anterior, al proporcionar datos personales de menores de edad, se entender\u00e1 que estos son proporcionados por el padre, tutor y\/o persona con la patria potestad del menor. En ning\u00fan caso recabaremos datos personales de menores de edad y\/o personas con discapacidad cognitiva de forma directa.<\/strong><\/p>\n\n\n\n<p><strong>FINALIDADES PRIMARIAS<\/strong><\/p>\n\n\n\n<p>CEDHEI tratar\u00e1 sus datos personales para las siguientes finalidades primarias y necesarias:<\/p>\n\n\n\n<ul class=\"wp-block-list\">\n<li>Para atender, registrar y dar seguimiento a la(s) solicitud(es) de informaci\u00f3n que realice.<\/li>\n\n\n\n<li>Para contactarle con el prop\u00f3sito de ofrecerle nuestros servicios educativos.<\/li>\n\n\n\n<li>Para dar seguimiento a sus solicitudes de informaci\u00f3n sobre los servicios que ofrecemos.<\/li>\n\n\n\n<li>Para la aplicaci\u00f3n de ex\u00e1menes de evaluaci\u00f3n.<\/li>\n\n\n\n<li>Para invitarle y gestionar su participaci\u00f3n en la(s) sesi\u00f3n(es) informativas.<\/li>\n\n\n\n<li>Para dar cumplimiento y seguimiento a las bases, requisitos y procedimientos para su admisi\u00f3n.<\/li>\n\n\n\n<li>Para llevar el seguimiento de avance en su proceso de admisi\u00f3n.<\/li>\n<\/ul>\n\n\n\n<p><strong>FINALIDADES SECUNDARIAS<\/strong><\/p>\n\n\n\n<p>Adem\u00e1s, en caso de contar con su consentimiento, CEDHEI tratar\u00e1 sus datos personales para las siguientes finalidades adicionales, que no son necesarias para el servicio solicitado, pero que permiten y facilitan brindarle una mejor atenci\u00f3n:<\/p>\n\n\n\n<p>\uf0b7&nbsp; Para posibles informacion y contactos posteriores.<\/p>\n\n\n\n<p>\uf0b7&nbsp; Para enviarle informaci\u00f3n promocional de cursos, diplomados, seminarios, simposios, talleres extra-acad\u00e9micos y eventos.<\/p>\n\n\n\n<p>\uf0b7&nbsp; Para la aplicaci\u00f3n de encuestas y evaluaciones para mejorar la calidad de los productos y servicios que ofrecemos.<\/p>\n\n\n\n<p>\uf0b7&nbsp; En caso de que no desee que sus datos personales sean tratados para alguna o todas las finalidades adicionales, desde este momento usted nos puede comunicar lo anterior al correo administracion@cedhei.com.<\/p>\n\n\n\n<p><strong>DERECHOS ARCO Y\/O REVOCACI\u00d3N DEL CONSENTIMIENTO<\/strong><\/p>\n\n\n\n<p>Usted o su representante legal podr\u00e1 ejercer cualquiera de los derechos de acceso, rectificaci\u00f3n, cancelaci\u00f3n u oposici\u00f3n (\u201cDerechos ARCO\u201d), as\u00ed como revocar su consentimiento para el tratamiento de sus datos personales enviando un correo electr\u00f3nico al Departamento de Protecci\u00f3n de Datos Personales a la direcci\u00f3n electr\u00f3nica administracion@cedhei.com. En este sentido, puede informarse sobre los procedimientos, requisitos y plazos para el ejercicio de sus Derechos ARCO y\/o revocaci\u00f3n del consentimiento en nuestra p\u00e1gina de internet www.cedhei.com, o bien ponerse en contacto con el Departamento de Protecci\u00f3n de Datos Personales que dar\u00e1 tr\u00e1mite a las solicitudes para el ejercicio de estos derechos, y atender\u00e1 cualquier duda que pudiera tener respecto al tratamiento de su informaci\u00f3n.<\/p>\n\n\n\n<p><strong>LIMITACI\u00d3N Y\/O DIVULGACI\u00d3N DE SUS DATOS<\/strong><\/p>\n\n\n\n<p>Usted podr\u00e1 limitar el uso o divulgaci\u00f3n de sus datos personales enviando su solicitud a&nbsp; administracion@cedhei.com.<\/p>\n\n\n\n<p><strong>CAMBIOS AL AVISO DE PRIVACIDAD<\/strong><\/p>\n\n\n\n<p>CEDHEI le notificar\u00e1 sobre cambios o actualizaciones al presente aviso de privacidad a trav\u00e9s de la liga www.cedhei.com y posteriormente accediendo a su Aviso de Privacidad.<\/p>\n\t\t\t\t\t\t\t\t<\/div>\n\t\t\t\t<\/div>\n\t\t\t\t\t<\/div>\n\t\t\t\t<\/div>\n\t\t\t\t<\/div>\n\t\t","protected":false},"excerpt":{"rendered":"<p>IDENTIDAD Y DOMICILIO DEL RESPONSABLE El Responsable de los datos personales que usted proporciona es Fundaci\u00f3n Nueva Castilla AC, Centro de Estudios Integrales (en adelante CEDHEI), ubicado en Av. Las Torres # 99 Parque Industrial Escobedo, Escobedo, N.L. DATOS PERSONALES Y DATOS SENSIBLES TRATADOS POR CEDHEI CEDHEI tratar\u00e1 datos personales de contacto, datos personales de [&hellip;]<\/p>\n","protected":false},"author":1,"featured_media":0,"parent":0,"menu_order":0,"comment_status":"closed","ping_status":"open","template":"","meta":{"footnotes":""},"class_list":["post-3","page","type-page","status-publish","hentry"],"_links":{"self":[{"href":"https:\/\/cedhei.com\/index.php\/wp-json\/wp\/v2\/pages\/3","targetHints":{"allow":["GET"]}}],"collection":[{"href":"https:\/\/cedhei.com\/index.php\/wp-json\/wp\/v2\/pages"}],"about":[{"href":"https:\/\/cedhei.com\/index.php\/wp-json\/wp\/v2\/types\/page"}],"author":[{"embeddable":true,"href":"https:\/\/cedhei.com\/index.php\/wp-json\/wp\/v2\/users\/1"}],"replies":[{"embeddable":true,"href":"https:\/\/cedhei.com\/index.php\/wp-json\/wp\/v2\/comments?post=3"}],"version-history":[{"count":4,"href":"https:\/\/cedhei.com\/index.php\/wp-json\/wp\/v2\/pages\/3\/revisions"}],"predecessor-version":[{"id":1034,"href":"https:\/\/cedhei.com\/index.php\/wp-json\/wp\/v2\/pages\/3\/revisions\/1034"}],"wp:attachment":[{"href":"https:\/\/cedhei.com\/index.php\/wp-json\/wp\/v2\/media?parent=3"}],"curies":[{"name":"wp","href":"https:\/\/api.w.org\/{rel}","templated":true}]}}